{"id":61,"date":"2020-12-28T19:12:07","date_gmt":"2020-12-28T18:12:07","guid":{"rendered":"http:\/\/synapsy.eu\/?page_id=61"},"modified":"2026-04-12T13:51:06","modified_gmt":"2026-04-12T11:51:06","slug":"services-et-tarifs","status":"publish","type":"page","link":"https:\/\/synapsy.eu\/index.php\/services-et-tarifs\/","title":{"rendered":"Services &#038; Tarifs"},"content":{"rendered":"\n<br> <strong><span style=\"color:#000080\">Je vous propose<\/span><\/strong><br>\n<br> <strong><span style=\"color:#000080\">Des Bilans (Neuro)psychologiques<\/span><\/strong><br>\nLes tests de QI (WISC-V et WAIS-IV) jusqu&#8217;aux tests neuropsychologiques plus sp\u00e9cifiques (cibl\u00e9s sur certaines fonctions c\u00e9r\u00e9brales) se r\u00e9alisent en plusieurs \u00e9tapes :<ul>\n<li>Une premi\u00e8re consultation (50 mn)<\/li>\n<li>Une s\u00e9ance de tests adapt\u00e9s \u00e0 la probl\u00e9matique du patient (2h)<\/li>\n<li>Une s\u00e9ance de restitution des r\u00e9sultats (50 mn)<\/li><\/ul>\n<strong><span style=\"color:#000080\">Des Suivis en Rem\u00e9diations Cognitives<\/span><\/strong> (environ 45 mn)\n<ul>\n<li>couplant exercices, notions de psycho\u00e9ducation et un soutien psychologique<\/li>\n<li>pour les patients pr\u00e9sentant des troubles cognitifs (troubles de l\u2019attention, de la m\u00e9moire ou encore des fonctions ex\u00e9cutives)<\/li>\n<\/ul>\n<strong><span style=\"color:#000080\">Des Suivis en Sessions Psychoth\u00e9rapeutiques<\/span><\/strong> (environ 45 mn)\n<ul>\n<li>bas\u00e9es sur les principes de la Mindfulness Based Cognitive Therapy, de Th\u00e9rapie Cognitivo-Comportementale, de Th\u00e9rapie d&#8217;Acceptation et d&#8217;Engagement entre autres<\/li>\n<li>pour des probl\u00e9matiques d\u2019estime de soi, de gestion \u00e9motionnelle, d\u2019\u00e9v\u00e9nements de vie\u2026<\/li>\n<\/ul>\n<p><\/p>\n\n\n\n<br>Les e-consultations sont possibles (hors bilan), selon les besoins du patient et crit\u00e8res d\u00e9finis ensemble. <br>\n<br>Dans le cas d\u2019un bilan d\u2019une personne mineure, la pr\u00e9sence d\u2019au moins un des parents est souhait\u00e9e lors de la premi\u00e8re consultation et de la restitution des r\u00e9sultats. La restitution peut se faire en e-consultation. \n<br>\n<br>Ayant l\u2019habitude de recevoir une population bilingue, nos \u00e9changes sont possibles en anglais comme en fran\u00e7ais. Les tests (neuro)psychologiques sont quant \u00e0 eux francophones.<\/em><br><\/p>\n\n\n\n<br><strong><span style=\"color:#000080\">Tarifs<\/span><\/strong><br>\n<table>\n<tbody><tr><td>Premi\u00e8re Consultation, <br>Restitution des R\u00e9sultats<\/td><td>\u00a3115<\/td><\/tr> \n<tr><td>Consultation de Suivi<\/td><td>\u00a3105<\/td><\/tr> \n<tr><td>Bilan neuropsychologique <br>(Tarif comprenant 2h de passation et r\u00e9daction du bilan)<\/td><td>\u00a3520<\/td><\/tr> \n<tr><td>Bilan compl\u00e9mentaire<\/td><td>entre \u00a3115 et \u00a3350<\/td><\/tr>\n<\/tbody><\/table>\n<br>Paiements par esp\u00e8ces, carte ou virement bancaire.<br><br><em>Toute consultation annul\u00e9e moins de 48 heures avant l&#8217;heure pr\u00e9vue sera factur\u00e9e en totalit\u00e9.<\/em><br>Un bilan annul\u00e9 moins d&#8217;une semaine avant l&#8217;heure pr\u00e9vue sera factur\u00e9 en totalit\u00e9 sauf s&#8217;il est report\u00e9 dans un d\u00e9lai convenu avec le psychologue.<br>\n<br>Certaines assurances et mutuelles proposent des remboursements de consultations aupr\u00e8s d\u2019un psychologue. Veuillez les contacter directement afin de conna\u00eetre les modalit\u00e9s de votre forfait.\n","protected":false},"excerpt":{"rendered":"<p>Je vous propose Des Bilans (Neuro)psychologiques Les tests de QI (WISC-V et WAIS-IV) jusqu&#8217;aux tests neuropsychologiques plus sp\u00e9cifiques (cibl\u00e9s sur certaines fonctions c\u00e9r\u00e9brales) se r\u00e9alisent en plusieurs \u00e9tapes : Une premi\u00e8re consultation (50 mn) Une s\u00e9ance de tests adapt\u00e9s \u00e0 la probl\u00e9matique du patient (2h) Une s\u00e9ance de restitution des r\u00e9sultats (50 mn) Des Suivis &hellip; <\/p>\n<p class=\"link-more\"><a href=\"https:\/\/synapsy.eu\/index.php\/services-et-tarifs\/\" class=\"more-link\">Continue reading<span class=\"screen-reader-text\"> &#8220;Services &#038; Tarifs&#8221;<\/span><\/a><\/p>\n","protected":false},"author":1,"featured_media":0,"parent":0,"menu_order":0,"comment_status":"closed","ping_status":"closed","template":"","meta":[],"_links":{"self":[{"href":"https:\/\/synapsy.eu\/index.php\/wp-json\/wp\/v2\/pages\/61"}],"collection":[{"href":"https:\/\/synapsy.eu\/index.php\/wp-json\/wp\/v2\/pages"}],"about":[{"href":"https:\/\/synapsy.eu\/index.php\/wp-json\/wp\/v2\/types\/page"}],"author":[{"embeddable":true,"href":"https:\/\/synapsy.eu\/index.php\/wp-json\/wp\/v2\/users\/1"}],"replies":[{"embeddable":true,"href":"https:\/\/synapsy.eu\/index.php\/wp-json\/wp\/v2\/comments?post=61"}],"version-history":[{"count":139,"href":"https:\/\/synapsy.eu\/index.php\/wp-json\/wp\/v2\/pages\/61\/revisions"}],"predecessor-version":[{"id":415,"href":"https:\/\/synapsy.eu\/index.php\/wp-json\/wp\/v2\/pages\/61\/revisions\/415"}],"wp:attachment":[{"href":"https:\/\/synapsy.eu\/index.php\/wp-json\/wp\/v2\/media?parent=61"}],"curies":[{"name":"wp","href":"https:\/\/api.w.org\/{rel}","templated":true}]}}